 of 82630852.
2, 599, 34487
What are the prime factors of 191646877?
29, 97, 193, 353
What are the prime factors of 131506405?
5, 4733, 5557
List the prime factors of 1149511675.
5, 13, 3536959
List the prime factors of 197878052.
2, 49469513
List the prime factors of 187491926.
2, 93745963
List the prime factors of 205599600.
2, 3, 5, 19037
List the prime factors of 1842236868.
2, 3, 233, 658883
What are the prime factors of 528793460?
2, 5, 13, 23, 88427
List the prime factors of 4223311383.
3, 29, 47, 1032847
What are the prime factors of 2943804186?
2, 3, 163544677
What are the prime factors of 121163341?
13, 131, 71147
What are the prime factors of 55623520?
2, 5, 509, 683
What are the prime factors of 679174422?
2, 3, 43, 109, 24151
What are the prime factors of 196848981?
3, 7, 1041529
What are the prime factors of 2481026750?
2, 5, 17, 67, 8713
List the prime factors of 5823430561.
13, 34458169
List the prime factors of 1223266027.
1223266027
List the prime factors of 86824843.
7, 1637, 7577
List the prime factors of 41934387.
3, 11, 19, 47, 1423
What are the prime factors of 80353581?
3, 7, 11, 31, 229
List the prime factors of 2318897953.
127, 18259039
List the prime factors of 1196872.
2, 41, 89
List the prime factors of 721072309.
721072309
What are the prime factors of 741239661?
3, 17, 14534111
List the prime factors of 245830019.
245830019
List the prime factors of 57086029.
7, 11, 13, 8147
List the prime factors of 2264965121.
31, 73063391
List the prime factors of 203882052.
2, 3, 11, 47, 59, 557
What are the prime factors of 692261409?
3, 7, 19, 73, 23767
What are the prime factors of 1515972511?
89, 227, 75037
List the prime factors of 2352879752.
2, 79, 3722911
List the prime factors of 21631256.
2, 2703907
What are the prime factors of 1316741027?
7, 29, 31, 89, 2351
List the prime factors of 1260937538.
2, 7, 90066967
List the prime factors of 364968693.
3, 419, 32261
List the prime factors of 1205921576.
2, 31, 1091, 4457
List the prime factors of 1713999031.
23, 659, 113083
What are the prime factors of 258912604?
2, 73, 547, 1621
List the prime factors of 37758559.
37758559
What are the prime factors of 737738447?
97, 157, 193, 251
List the prime factors of 50022702.
2, 3, 269, 10331
What are the prime factors of 3104946213?
3, 59, 1453, 12073
List the prime factors of 658617114.
2, 3, 53, 2071123
What are the prime factors of 531935686?
2, 1993, 133451
List the prime factors of 4849429768.
2, 606178721
What are the prime factors of 186013819?
19, 9790201
What are the prime factors of 396165584?
2, 24760349
List the prime factors of 270164410.
2, 5, 27016441
List the prime factors of 1686296277.
3, 73, 2566661
List the prime factors of 69776602.
2, 7, 17, 293179
List the prime factors of 1972080685.
5, 394416137
What are the prime factors of 6051235707?
3, 11, 37, 550663
What are the prime factors of 1502178575?
5, 1789, 33587
What are the prime factors of 272211332?
2, 68052833
What are the prime factors of 3002209211?
14653, 204887
List the prime factors of 723861807.
3, 61, 3955529
What are the prime factors of 138886955?
5, 27777391
What are the prime factors of 56152877?
11, 1409, 3623
List the prime factors of 2406842470.
2, 5, 4799, 50153
What are the prime factors of 263131176?
2, 3, 7, 11, 20341
What are the prime factors of 62270104?
2, 13, 419, 1429
What are the prime factors of 29714456?
2, 3714307
What are the prime factors of 125650986?
2, 3, 20941831
List the prime factors of 1145061081.
3, 733, 173573
List the prime factors of 34164498.
2, 3, 79, 72077
What are the prime factors of 489746897?
17, 31, 929311
What are the prime factors of 1289655810?
2, 3, 5, 29, 164707
What are the prime factors of 73742973?
3, 24580991
What are the prime factors of 538385920?
2, 5, 17, 89, 139
What are the prime factors of 21939696?
2, 3, 151, 1009
What are the prime factors of 45615368?
2, 313, 18217
What are the prime factors of 94663345?
5, 7, 386381
What are the prime factors of 319713821?
7, 2477, 18439
List the prime factors of 129730284.
2, 3, 3603619
List the prime factors of 854901091.
11, 59, 1317259
List the prime factors of 35993132.
2, 7, 1285469
What are the prime factors of 50062326?
2, 3, 59, 103, 1373
What are the prime factors of 460175023?
7, 11, 17, 50221
List the prime factors of 824079470.
2, 5, 653, 126199
What are the prime factors of 3590813?
37, 107, 907
What are the prime factors of 448091533?
509, 880337
What are the prime factors of 12314385?
3, 5, 273653
List the prime factors of 67471193.
67471193
List the prime factors of 89383555.
5, 17876711
What are the prime factors of 1240258?
2, 211, 2939
What are the prime factors of 2604246?
2, 3, 241, 1801
List the prime factors of 1931854298.
2, 11, 19, 383, 1097
List the prime factors of 18717405.
3, 5, 7, 178261
List the prime factors of 652745440.
2, 5, 4079659
List the prime factors of 39995072.
2, 13, 53, 907
What are the prime factors of 6160780695?
3, 5, 89, 1459, 3163
What are the prime factors of 692187292?
2, 59, 2932997
What are the prime factors of 318641642?
2, 11, 17, 73, 1061
What are the prime factors of 816568180?
2, 5, 467, 87427
What are the prime factors of 75010277?
75010277
List the prime factors of 252856628.
2, 2069, 30553
List the prime factors of 8327891.
11, 13, 58237
What are the prime factors of 269538888?
2, 3, 11230787
List the prime factors of 3255161378.
2, 7, 232511527
What are the prime factors of 99124100?
2, 5, 769, 1289
List the prime factors of 29429567.
17, 47, 36833
What are the prime factors of 207030935?
5, 19, 23, 41, 2311
List the prime factors of 43661540.
2, 5, 13, 307, 547
What are the prime factors of 958648301?
13, 73742177
List the prime factors of 49765070.
2, 5, 151, 32957
What are the prime factors of 1416412216?
2, 89, 587, 3389
List the prime factors of 158141158.
2, 7, 61, 185177
List the prime factors of 582976390.
2, 5, 31, 61, 30829
List the prime factors of 879123851.
879123851
What are the prime factors of 28973988?
2, 3, 804833
List the prime factors of 665308945.
5, 7, 283, 67169
What are the prime factors of 2123514203?
97, 521, 42019
What are the prime factors of 3213730737?
3, 7, 19, 53, 179, 283
List the prime factors of 632557.
632557
What are the prime factors of 863558629?
863558629
List the prime factors of 4355212.
2, 43, 25321
What are the prime factors of 107714053?
107714053
List the prime factors of 3790147386.
2, 3, 15679, 40289
What are the prime factors of 58931047?
7, 37, 227533
List the prime factors of 118760631.
3, 11, 853, 4219
List the prime factors of 233875875.
3, 5, 623669
What are the prime factors of 806909512?
2, 100863689
What are the prime factors of 656197651?
8581, 76471
What are the prime factors of 6835204?
2, 137, 12473
What are the prime factors of 60001753?
7, 19, 37, 89, 137
List the prime factors of 1324121966.
2, 1553, 426311
List the prime factors of 43777576.
2, 53, 223, 463
List the prime factors of 29545457.
977, 30241
What are the prime factors of 371371456?
2, 181, 32059
What are the prime factors of 94786876?
2, 23696719
List the prime factors of 340458144.
2, 3, 13, 23, 29, 409
What are the prime factors of 49668008?
2, 13, 477577
What are the prime factors of 27641179?
27641179
List the prime factors of 59145128.
2, 7, 89, 11867
List the prime factors of 621803948.
2, 4523, 34369
List the prime factors of 500096418.
2, 3, 863, 96581
List the prime factors of 530274901.
13, 40790377
What are the prime factors of 5555159134?
2, 7, 23, 827, 907
List the prime factors of 1708295.
5, 341659
What are the prime factors of 9878552077?
79, 125044963
List the prime factors of 575402744.
2, 7, 71, 144719
List the prime factors of 606916792.
2, 43, 1764293
What are the prime factors of 48024004?
2, 7, 1715143
What are the prime factors of 2237852538?
2, 3, 124325141
What are the prime factors of 215249272?
2, 7, 23, 167119
List the prime factors of 162300306.
2, 3, 7, 47, 82219
List the prime factors of 2994910415.
5, 7, 85568869
List the prime factors of 60666224.
2, 41, 92479
What are the prime factors of 33228412?
2, 7, 131, 9059
List the prime factors of 42144270.
2, 3, 5, 7, 101, 1987
What are the prime factors of 2318572835?
5, 107, 35